t w(p) = 6. Let o(i) = i + 42. Let f(v) = 6*o(v) - 42*w(v). Determine f(h).
-6
Let v = 487 - 493. Let w(g) = 2*g**2 + 12*g + 2. What is w(v)?
2
Let h(j) = 13 - 2553*j - 4 + 6 + 2*j**2 + 2573*j. Give h(-9).
-3
Suppose -179*o + 172*o - 84 = 0. Let t(v) = 3*v + 33. Give t(o).
-3
Let p(g) be the first derivative of -g**2/2 - 6*g + 2. Let q be p(-9). Let s(u) = -5*u + 1. Let x(k) = 9*k - 3. Let a(i) = -5*s(i) - 3*x(i). Determine a(q).
-2
Let t(p) = p - 3. Let z be t(7). Suppose -z = -4*d - 2*g, -g - 4 = 5*d - 3. Let q(i) = -8*i**2 + i + 1. Give q(d).
-8
Let t(a) be the third derivative of -a**5/60 - 5*a**4/24 + 5*a**3/3 - 2*a**2 + 533. What is t(-5)?
10
Suppose 4*t = -3*f + 23, 9 = f + 3*t - 2. Let b(a) = 5*a**3 - 20*a**2 + 17. Let w(k) = 3*k**3 - 13*k**2 + 11. Let r(h) = f*b(h) - 8*w(h). Determine r(-3).
6
Let b be (60/36)/(69/(-54) - -1). Let g(i) = -3*i**3 - 5*i**2 + 2*i - 2. Let r(l) = l**3 + l - 1. Let c(j) = -g(j) - 2*r(j). Determine c(b).
-8
Let s(p) = -6*p**3 - p**2. Let g(m) = -2*m**2 - 2*m + 2. Let b(w) = w**2 + w - 1. Let l(c) = -9*b(c) - 4*g(c). Let o be l(-1). Calculate s(o).
-7
Let o be (656/(-12))/4 + (-35)/(-21). Let x be (1/(-2))/((-2)/(-44)). Let v = o - x. Let p(w) = 9*w. Give p(v).
-9
Let f(k) = k**3 - k - 8. Let h(t) = t**2 + 4*t - 8. Suppose -5 - 19 = 4*v. Let p be h(v). Let w be (0/((-8)/p))/(-2). Give f(w).
-8
Let l(h) = -h**2 + h + 8*h**3 - h. Suppose z = 2*a + 3*a + 8, 2*a + z - 1 = 0. Determine l(a).
-9
Let y(a) be the third derivative of -a**6/40 - a**4/24 + a**3/6 - 12*a**2 + 3*a. Determine y(1).
-3
Let g(i) = i + 13. Let y(m) = m + 16. Let a(k) = -6*g(k) + 5*y(k). Determine a(5).
-3
Let p be 21/(-2)*(-14)/21. Suppose -5*u + p - 2 = 0. Let s(c) = -8*c**3 - c**2 + 2*c - 1. Calculate s(u).
-8
Let r = -8 - -26. Let b be (r/(-27))/((-1)/(-9)). Let v(h) = -h**3 - 5*h**2 + 5*h + 1. What is v(b)?
7
Let w(v) be the third derivative of v**2 - 1/24*v**4 + 0*v + 0 - 1/6*v**3. Let d be 0/(-1) - (-2)/1. Determine w(d).
-3
Let p(g) be the third derivative of -g**5/60 + 13*g**4/24 + g**3/3 + 2*g**2 + 8*g. Let w be p(13). Let t(n) = -n**3 + 3*n**2 - 4*n + 2. Give t(w).
-2
Let q(r) = -6*r**3 - 7*r**2 - 11*r - 8. Let i(s) = 2*s**2 - 2*s**3 + 9 + 12*s + 5*s**2 + 9*s**3. Let p(n) = 5*i(n) + 6*q(n). Give p(-6).
-3
Suppose a - 5 = -3*o, 3*o - 8 = a + 5. Let n(g) = -12*g**o - 2 - 6*g**2 + g + 3*g + 13*g**3. Determine n(4).
-18
Let d = -1139 + 1141. Let z(x) be the first derivative of x**3/3 - x**2/2 + 2*x + 1. What is z(d)?
4
Let j(f) = -f**2 - 9*f + 5. Suppose b = 5*p + 12, -2*p - 29 - 3 = -2*b. Suppose -2*x = 4*m + 20, 5*x + b + 33 = -3*m. Determine j(x).
-5
Let u(z) = -2*z**2 + 4*z - 2*z + 5 + 2*z. Suppose 0 = -p + 21 + 15. Suppose 20 = -4*y + p. Determine u(y).
-11
Let d(h) be the first derivative of h**4/4 + 7*h**3/3 + 4*h**2 - 2*h - 8. What is d(-6)?
-14
Let l(i) = 3*i**2 + 68*i + 50. Let n be l(-22). Let w(y) be the first derivative of -2 + 7/2*y**2 - n*y - 1/3*y**3. What is w(5)?
4
Let z(w) = -w - 1. Let t(m) = -5*m - 6. Let o(b) = -2*t(b) + 11*z(b). Let k(q) = -q**2 + 19*q - 33. Let p be k(17). Determine o(p).
0
Let c = 6 + -4. Let w(m) be the first derivative of 18 - 24 + m**2 + m - 5*m + m. Calculate w(c).
1
Let m(y) = -2*y**2 + 14*y + 4. Let g be m(7). Let w(u) = 1 + 6*u - 2*u + 3*u - g*u. Give w(-3).
-8
Let s(c) = -c - 5. Let k be (111/(-4))/(3/(-16)). Suppose -d = -5*d - k. Let u = 37 + d. Give s(u).
-5
Let d(s) = -2*s**2 - 2*s + 3. Suppose 0 = -5*c + 4*w - 17, 2 = 4*c - 0*w + 2*w. Let b be (-4)/(-3) - c/(-3). Let h(p) = -2*p - 1. Let u be h(b). Calculate d(u).
-9
Suppose 4*g = 9 - 1. Let b(z) = -16*z + 11*z - 3*z**g + 2*z**2 + 8. Determine b(-7).
-6
Let l(w) be the second derivative of -w**5/20 - 4*w**4/3 - w**3/6 - 6*w**2 + 92*w. Calculate l(-16).
4
Let a(t) = -t**2 + 14*t - 14. Let k be a(10). Suppose 0 = -k*p + 30*p + 28. Let o(x) = x**3 + 7*x**2 - 2. Calculate o(p).
-2
Let g(v) = 5*v - 7. Let m be ((-7)/14)/((-2)/32). Determine g(m).
33
Let r(f) = -2*f**2 - 6*f + 1. Let i(t) be the first derivative of 4*t**3/3 + 11*t**2/2 - t - 14. Let p(a) = 4*i(a) + 7*r(a). Determine p(-3).
15
Suppose 3*h = 5*g - 32, 5*g = -h + 41 - 5. Let z(d) = -d**2 + 11*d - 20. Calculate z(g).
8
Suppose 60 = 6*q + 4*q. Let w(g) = -3*g - 1. What is w(q)?
-19
Let r(f) = -f**3 - 4*f**2 + 2. Let z(s) = s**3 + 5*s**2 + s - 2. Let u(x) = -4*r(x) - 3*z(x). Let o(v) = -v**2 - v - 1. Let g(c) = 5*o(c) - u(c). What is g(-5)?
-18
Let w(j) = -j - 4. Suppose 5*z + 8*x - 15 = 3*x, 2*z + x = 9. Suppose 2*a = -3*g + 7, z*g + a = 4*g + 4. Let u = -3 - g. Determine w(u).
0
Let r = -178 - -173. Let y(s) be the first derivative of s**4/24 + s**3/6 - s**2 - 2. Let n(u) be the second derivative of y(u). What is n(r)?
-4
Let s(c) = c. Let q(x) = 0*x - 8*x + 1 - 2*x. Let f(k) = -q(k) - 2*s(k). Give f(1).
7
Let d(c) be the second derivative of 4*c**2 + 0 - 7/12*c**4 + 2/3*c**3 - 7*c + 1/20*c**5. Let j = 14 + -8. Determine d(j).
-4
Let c(w) = -4 + 2 + 4*w + 5 + w**2. Let i = -9244 - -9240. What is c(i)?
3
Let j(m) = m + 2. Suppose 0 = 9*h - 636 - 84. Let c = h + -88. Give j(c).
-6
Let r(l) = -8*l - 1. Let j be (-6)/(-7) - 5/(-36 + 1). Calculate r(j).
-9
Suppose -3*x + 13 = -5*y, 2*y + 12 = -6*y - 4*x. Let l(d) = -2*d**2 + 4*d + 3. Calculate l(y).
-13
Suppose -o + 4*t + 20 = -0*o, -4*o + 122 = -2*t. Suppose o*c - 35*c = -12. Let y(k) = k**2 - 5*k + 6. Determine y(c).
2
Let d(y) be the second derivative of -y**4/12 + y**3 - 2*y**2 + 808*y. Suppose 0 = -2*f + 5*k + 8, f - 4*k + 16 = 5*f. Calculate d(f).
4
Let s(i) = -2*i - 1. Let w(z) = -z**3 + 7*z**2 - 11*z + 9. Let n be w(5). Suppose 0 = -n*c + 3*t + 18, 3*c + 5*t + 22 = 7*c. What is s(c)?
-7
Let j(h) be the third derivative of -h**5/8 - h**4/24 + 7*h**3/6 + 17*h**2. Let q(a) be the first derivative of j(a). Give q(-1).
14
Let j(q) = q**2 - q + 1. Suppose -9*o = -14*o + 55. Let r(g) = 2*g**2 - 3*g + 3. Let n(y) = o*j(y) - 4*r(y). Calculate n(-2).
9
Suppose -8*w - 3*m + 12 = -4*w, 2*w - 6 = m. Let b(z) = -2*z**3 + 5*z**2 - z - 3. Give b(w).
-15
Let o(a) be the first derivative of a**4/4 + 16*a**3/3 - 9*a**2 - 21*a - 173. What is o(-17)?
-4
Let q(j) = 23*j + 133. Let i be q(-6). Let k(a) = 2*a**2 + 7*a. Calculate k(i).
15
Let b(m) = 2*m**2 - m + 3. Let c(s) = -s**2 - 2. Let y(x) = 4*b(x) + 7*c(x). Determine y(3).
-5
Let z = 79 - 79. Let l(q) = -q**2 - 2*q + 6. Calculate l(z).
6
Let h(p) = -4*p**2. Let y be h(1). Let r(b) be the second derivative of b**4/6 + 7*b**3/6 + 2*b**2 - 2*b - 57. Calculate r(y).
8
Let u(k) = -2*k - 5. Let c = -4 + 22. Let b = 18 - c. Let x be 1 - (6 + -1) - b. What is u(x)?
3
Suppose 2*u = -6*u + 16. Let h(c) = -8*c + u - 7*c + 16*c. Calculate h(2).
4
Let m(k) = k - 2. Let z = -42 - -45. Let c(g) = -g + 1. Let v(f) = z*m(f) + 6*c(f). Determine v(-4).
12
Let n(m) be the first derivative of 1/2*m**2 - 5*m + 64. Suppose 5*b + 0*b = 0. Determine n(b).
-5
Let l be 1*(-3)/(-3) + 1. Let x(i) = i**3 + 3*i**2 + 4*i**3 + 0 + l + 2*i - 3*i**3. Determine x(-2).
-6
Let v = -15 + -44. Let o = v - -53. Let u(w) be the third derivative of w**4/24 + 4*w**3/3 - w**2. Determine u(o).
2
Let l(a) = 2*a**2 - 21*a + 23. Let i be l(10). Let y(j) = j**3 - 13*j**2 - j + 15. Determine y(i).
2
Let s(u) = u + 1. Let i(a) = -a**3 + 16*a**2 - 13*a - 1. Let o be i(15). Suppose 0 = 5*q + 6 + o. Determine s(q).
-6
Let x(g) = g**3 - 13*g**2 + 10*g + 4. Let a = 998 + -986. Give x(a).
-20
Let v(x) = x**2 + 7*x + 7. Let g(j) = -j**2 - 7*j - 8. Let c(u) = -4*g(u) - 5*v(u). Give c(-4).
9
Let w(l) = 17*l + 6. Let x(g) = -4*g - 1. Let p(v) = -3*w(v) - 12*x(v). Let c = -18 - -13. Give p(c).
9
Let q(w) = -4*w + 1. Let a(v) be the third derivative of v**6/120 + 2*v**5/15 + v**4/3 + 5*v**3/3 + 4*v**2. Let j be a(-7). Suppose 1 = 4*i - j*i. Give q(i).
-3
Let i(o) be the second derivative of o**5/20 - 3*o**4/4 + 5*o**3/3 - 5*o**2 - 52*o. Give i(8).
6
Suppose 38*k - 20 = 34*k. Let v(u) = -u**3 + 4*u**2 + 2*u + 5. Give v(k).
-10
Let k(g) = g**2 - 6*g - 5. Let t(x) = 3*x**2 - 11*x - 10. Let v(z) = -5*k(z) + 2*t(z). Suppose -57*d + 18 = -60*d. Give v(d).
-7
Let a(t) be the second derivative of t**3/3 + 2*t**2 - 2*t. Let m be a(-5). Let p(x) = -1 + 12*x**3 + 4*x - 11*x**3 - 7*x**2 - 6 + 14*x**2. Determine p(m).
5
Let x(a) = -25*a**3 + a**2 - a + 1. Let 